{"id":3026,"date":"2024-06-10T07:25:09","date_gmt":"2024-06-10T07:25:09","guid":{"rendered":"https:\/\/inhetarchief.be\/?page_id=3026"},"modified":"2025-04-08T08:25:30","modified_gmt":"2025-04-08T08:25:30","slug":"bohm","status":"publish","type":"page","link":"https:\/\/inhetarchief.be\/fr\/bohm\/","title":{"rendered":"BOHM"},"content":{"rendered":"<p><img decoding=\"async\" class=\"wp-image-3040 size-full aligncenter lazyload\" data-src=\"https:\/\/inhetarchief.be\/wp-content\/uploads\/2024\/06\/het-mooste-terras-van.jpg\" alt=\"Het Archief, caf\u00e9, wijnbar, opslagplaats van het goede leven\" width=\"550\" height=\"443\" data-srcset=\"https:\/\/inhetarchief.be\/wp-content\/uploads\/2024\/06\/het-mooste-terras-van.jpg 550w, https:\/\/inhetarchief.be\/wp-content\/uploads\/2024\/06\/het-mooste-terras-van-480x387.jpg 480w\" data-sizes=\"(min-width: 0px) and (max-width: 480px) 480px, (min-width: 481px) 550px, 100vw\" src=\"data:image\/svg+xml;base64,PHN2ZyB3aWR0aD0iMSIgaGVpZ2h0PSIxIiB4bWxucz0iaHR0cDovL3d3dy53My5vcmcvMjAwMC9zdmciPjwvc3ZnPg==\" style=\"--smush-placeholder-width: 550px; --smush-placeholder-aspect-ratio: 550\/443;\" \/><\/p>\n<div>\n<header class=\"nb-1d70522a_marginbottom5 nb-1d70522a_marginleft3 nb-1d70522a_marginright3 nb-1d70522a_margintop5\" data-testid=\"article-header\">\n<h2 class=\"nb-ebe0ecc6_root nb-ebe0ecc6_heading1 nb-300db776_none nb-91174671_primary nb-66f0fec7_bold nb-1d70522a_marginbottom0 nb-1d70522a_margintop0 nb-b48c4984_inherit\" style=\"text-align: center;\" data-testid=\"article-title\"><strong>BOHM sera \u00e0 nouveau ouvert \u00e0 partir du 16 AVRIL !<\/strong><\/h2>\n<div class=\"xdj266r x11i5rnm xat24cr x1mh8g0r x1vvkbs x126k92a\">\n<div dir=\"auto\" style=\"text-align: center;\">Une annonce agr\u00e9able.<\/div>\n<div dir=\"auto\" style=\"text-align: center;\">Bohm&amp;Berkel est situ\u00e9 sur la magnifique place Hendrik Conscienseplein \u00e0 Anvers.<\/div>\n<div dir=\"auto\" style=\"text-align: center;\">Tu le sais bien.<\/div>\n<div dir=\"auto\" style=\"text-align: center;\">Nous allons ouvrir le commerce en pop-up \u2013 \u2013 -Bohm&amp;Berkel by C\u00e9leste.<\/div>\n<\/div>\n<div class=\"x11i5rnm xat24cr x1mh8g0r x1vvkbs xtlvy1s x126k92a\" style=\"text-align: center;\">\n<div dir=\"auto\">Nous pr\u00e9voyons d&#039;ouvrir le 16 avril et de fonctionner jusqu&#039;\u00e0 la fin ao\u00fbt.<\/div>\n<div dir=\"auto\">\u00c0 quoi pouvez-vous vous attendre ?<\/div>\n<div dir=\"auto\">Tout ce qu&#039;il \u00e9tait avant.<\/div>\n<div dir=\"auto\">L&#039;emplacement est magnifique tant \u00e0 l&#039;int\u00e9rieur qu&#039;\u00e0 l&#039;ext\u00e9rieur.<\/div>\n<div dir=\"auto\">Une petite carte compl\u00e9t\u00e9e de vins fins et de bi\u00e8res belges.<\/div>\n<\/div>\n<div class=\"x11i5rnm xat24cr x1mh8g0r x1vvkbs xtlvy1s x126k92a\" style=\"text-align: center;\">\n<div dir=\"auto\">POUR VOTRE INFORMATION:<\/div>\n<div dir=\"auto\">Vous pouvez louer ce lieu pour vos f\u00eates, r\u00e9unions et r\u00e9ceptions.<\/div>\n<div dir=\"auto\"><strong>Horaires d&#039;ouverture : du mercredi au dimanche<\/strong><\/div>\n<div dir=\"auto\">11:00-23:00<\/div>\n<\/div>\n<div class=\"x11i5rnm xat24cr x1mh8g0r x1vvkbs xtlvy1s x126k92a\" style=\"text-align: center;\">\n<div dir=\"auto\">Paris n&#039;a jamais \u00e9t\u00e9 aussi proche.<\/div>\n<\/div>\n<div class=\"x11i5rnm xat24cr x1mh8g0r x1vvkbs xtlvy1s x126k92a\">\n<div dir=\"auto\" style=\"text-align: center;\">\u00c0 bient\u00f4t.<\/div>\n<div dir=\"auto\" style=\"text-align: center;\"><strong>R\u00c9SERVER? :0473-90 06 97<\/strong><\/div>\n<\/div>\n<\/header>\n<div class=\"nb-1d70522a_marginbottom4\" style=\"text-align: left;\">\n<figure class=\"nb-a466b963_figure nb-a466b963_aligncenter\" data-testid=\"article-image-wrapper\">\n<div class=\"nb-90c71878_root nb-90c71878_placeholder\">\n<h6 aria-hidden=\"true\"><\/h6>\n<\/div>\n<\/figure>\n<\/div>\n<\/div>\n<p style=\"text-align: left;\"><img decoding=\"async\" class=\"alignnone wp-image-3029 size-large lazyload\" data-src=\"https:\/\/inhetarchief.be\/wp-content\/uploads\/2024\/06\/image1-1024x768.jpeg\" alt=\"BOHM, caf\u00e9, wijnbar, opslagplaats van het goede leven\" width=\"1024\" height=\"768\" data-srcset=\"https:\/\/inhetarchief.be\/wp-content\/uploads\/2024\/06\/image1-980x735.jpeg 980w, https:\/\/inhetarchief.be\/wp-content\/uploads\/2024\/06\/image1-480x360.jpeg 480w\" data-sizes=\"(min-width: 0px) and (max-width: 480px) 480px, (min-width: 481px) and (max-width: 980px) 980px, (min-width: 981px) 1024px, 100vw\" src=\"data:image\/svg+xml;base64,PHN2ZyB3aWR0aD0iMSIgaGVpZ2h0PSIxIiB4bWxucz0iaHR0cDovL3d3dy53My5vcmcvMjAwMC9zdmciPjwvc3ZnPg==\" style=\"--smush-placeholder-width: 1024px; --smush-placeholder-aspect-ratio: 1024\/768;\" \/><\/p>\n<p style=\"text-align: left;\"><img decoding=\"async\" class=\"alignnone wp-image-3030 size-large lazyload\" data-src=\"https:\/\/inhetarchief.be\/wp-content\/uploads\/2024\/06\/image2-1024x768.jpeg\" alt=\"Het Archief, caf\u00e9, wijnbar, opslagplaats van het goede leven\" width=\"1024\" height=\"768\" data-srcset=\"https:\/\/inhetarchief.be\/wp-content\/uploads\/2024\/06\/image2-980x735.jpeg 980w, https:\/\/inhetarchief.be\/wp-content\/uploads\/2024\/06\/image2-480x360.jpeg 480w\" data-sizes=\"(min-width: 0px) and (max-width: 480px) 480px, (min-width: 481px) and (max-width: 980px) 980px, (min-width: 981px) 1024px, 100vw\" src=\"data:image\/svg+xml;base64,PHN2ZyB3aWR0aD0iMSIgaGVpZ2h0PSIxIiB4bWxucz0iaHR0cDovL3d3dy53My5vcmcvMjAwMC9zdmciPjwvc3ZnPg==\" style=\"--smush-placeholder-width: 1024px; --smush-placeholder-aspect-ratio: 1024\/768;\" \/><\/p>\n<p>&nbsp;<\/p>\n<p>&nbsp;<\/p>\n<p>&nbsp;<\/p>","protected":false},"excerpt":{"rendered":"<p>BOHM is weer open vanaf 16 APRIL! A pleasant announcement. Op het mooie Hendrik Conscienseplein te Antwerpen is Bohm&amp;Berkel gevestigd. U welgekend. We gaan de zaak openen als pop-up &#8211; &#8211; -Bohm&amp;Berkel by C\u00e9leste. We plannen 16 april te openen en dit tot het einde van augustus. Wat mag u verwachten ? Alles wat het [&hellip;]<\/p>\n","protected":false},"author":1,"featured_media":3040,"parent":0,"menu_order":0,"comment_status":"closed","ping_status":"closed","template":"","meta":{"_et_pb_use_builder":"","_et_pb_old_content":"","_et_gb_content_width":"","_monsterinsights_skip_tracking":false,"_monsterinsights_sitenote_active":false,"_monsterinsights_sitenote_note":"","_monsterinsights_sitenote_category":0,"footnotes":""},"class_list":["post-3026","page","type-page","status-publish","has-post-thumbnail","hentry"],"aioseo_notices":[],"_links":{"self":[{"href":"https:\/\/inhetarchief.be\/fr\/wp-json\/wp\/v2\/pages\/3026","targetHints":{"allow":["GET"]}}],"collection":[{"href":"https:\/\/inhetarchief.be\/fr\/wp-json\/wp\/v2\/pages"}],"about":[{"href":"https:\/\/inhetarchief.be\/fr\/wp-json\/wp\/v2\/types\/page"}],"author":[{"embeddable":true,"href":"https:\/\/inhetarchief.be\/fr\/wp-json\/wp\/v2\/users\/1"}],"replies":[{"embeddable":true,"href":"https:\/\/inhetarchief.be\/fr\/wp-json\/wp\/v2\/comments?post=3026"}],"version-history":[{"count":5,"href":"https:\/\/inhetarchief.be\/fr\/wp-json\/wp\/v2\/pages\/3026\/revisions"}],"predecessor-version":[{"id":3142,"href":"https:\/\/inhetarchief.be\/fr\/wp-json\/wp\/v2\/pages\/3026\/revisions\/3142"}],"wp:featuredmedia":[{"embeddable":true,"href":"https:\/\/inhetarchief.be\/fr\/wp-json\/wp\/v2\/media\/3040"}],"wp:attachment":[{"href":"https:\/\/inhetarchief.be\/fr\/wp-json\/wp\/v2\/media?parent=3026"}],"curies":[{"name":"wp","href":"https:\/\/api.w.org\/{rel}","templated":true}]}}

<p><img decoding="async" class="wp-image-3040 size-full aligncenter lazyload" data-src="https://inhetarchief.be/wp-content/uploads/2024/06/het-mooste-terras-van.jpg" alt="Het Archief, café, wijnbar, opslagplaats van het goede leven" width="550" height="443" data-srcset="https://inhetarchief.be/wp-content/uploads/2024/06/het-mooste-terras-van.jpg 550w, https://inhetarchief.be/wp-content/uploads/2024/06/het-mooste-terras-van-480x387.jpg 480w" data-sizes="(min-width: 0px) and (max-width: 480px) 480px, (min-width: 481px) 550px, 100vw" src="data:image/svg+xml;base64,PHN2ZyB3aWR0aD0iMSIgaGVpZ2h0PSIxIiB4bWxucz0iaHR0cDovL3d3dy53My5vcmcvMjAwMC9zdmciPjwvc3ZnPg==" style="--smush-placeholder-width: 550px; --smush-placeholder-aspect-ratio: 550/443;" /></p>
<div>
<header class="nb-1d70522a_marginbottom5 nb-1d70522a_marginleft3 nb-1d70522a_marginright3 nb-1d70522a_margintop5" data-testid="article-header">
<h2 class="nb-ebe0ecc6_root nb-ebe0ecc6_heading1 nb-300db776_none nb-91174671_primary nb-66f0fec7_bold nb-1d70522a_marginbottom0 nb-1d70522a_margintop0 nb-b48c4984_inherit" style="text-align: center;" data-testid="article-title"><strong>BOHM sera à nouveau ouvert à partir du 16 AVRIL !</strong></h2>
<div class="xdj266r x11i5rnm xat24cr x1mh8g0r x1vvkbs x126k92a">
<div dir="auto" style="text-align: center;">Une annonce agréable.</div>
<div dir="auto" style="text-align: center;">Bohm&amp;Berkel est situé sur la magnifique place Hendrik Conscienseplein à Anvers.</div>
<div dir="auto" style="text-align: center;">Tu le sais bien.</div>
<div dir="auto" style="text-align: center;">Nous allons ouvrir le commerce en pop-up – – -Bohm&amp;Berkel by Céleste.</div>
</div>
<div class="x11i5rnm xat24cr x1mh8g0r x1vvkbs xtlvy1s x126k92a" style="text-align: center;">
<div dir="auto">Nous prévoyons d&#039;ouvrir le 16 avril et de fonctionner jusqu&#039;à la fin août.</div>
<div dir="auto">À quoi pouvez-vous vous attendre ?</div>
<div dir="auto">Tout ce qu&#039;il était avant.</div>
<div dir="auto">L&#039;emplacement est magnifique tant à l&#039;intérieur qu&#039;à l&#039;extérieur.</div>
<div dir="auto">Une petite carte complétée de vins fins et de bières belges.</div>
</div>
<div class="x11i5rnm xat24cr x1mh8g0r x1vvkbs xtlvy1s x126k92a" style="text-align: center;">
<div dir="auto">POUR VOTRE INFORMATION:</div>
<div dir="auto">Vous pouvez louer ce lieu pour vos fêtes, réunions et réceptions.</div>
<div dir="auto"><strong>Horaires d&#039;ouverture : du mercredi au dimanche</strong></div>
<div dir="auto">11:00-23:00</div>
</div>
<div class="x11i5rnm xat24cr x1mh8g0r x1vvkbs xtlvy1s x126k92a" style="text-align: center;">
<div dir="auto">Paris n&#039;a jamais été aussi proche.</div>
</div>
<div class="x11i5rnm xat24cr x1mh8g0r x1vvkbs xtlvy1s x126k92a">
<div dir="auto" style="text-align: center;">À bientôt.</div>
<div dir="auto" style="text-align: center;"><strong>RÉSERVER? :0473-90 06 97</strong></div>
</div>
</header>
<div class="nb-1d70522a_marginbottom4" style="text-align: left;">
<figure class="nb-a466b963_figure nb-a466b963_aligncenter" data-testid="article-image-wrapper">
<div class="nb-90c71878_root nb-90c71878_placeholder">
<h6 aria-hidden="true"></h6>
</div>
</figure>
</div>
</div>
<p style="text-align: left;"><img decoding="async" class="alignnone wp-image-3029 size-large lazyload" data-src="https://inhetarchief.be/wp-content/uploads/2024/06/image1-1024x768.jpeg" alt="BOHM, café, wijnbar, opslagplaats van het goede leven" width="1024" height="768" data-srcset="https://inhetarchief.be/wp-content/uploads/2024/06/image1-980x735.jpeg 980w, https://inhetarchief.be/wp-content/uploads/2024/06/image1-480x360.jpeg 480w" data-sizes="(min-width: 0px) and (max-width: 480px) 480px, (min-width: 481px) and (max-width: 980px) 980px, (min-width: 981px) 1024px, 100vw" src="data:image/svg+xml;base64,PHN2ZyB3aWR0aD0iMSIgaGVpZ2h0PSIxIiB4bWxucz0iaHR0cDovL3d3dy53My5vcmcvMjAwMC9zdmciPjwvc3ZnPg==" style="--smush-placeholder-width: 1024px; --smush-placeholder-aspect-ratio: 1024/768;" /></p>
<p style="text-align: left;"><img decoding="async" class="alignnone wp-image-3030 size-large lazyload" data-src="https://inhetarchief.be/wp-content/uploads/2024/06/image2-1024x768.jpeg" alt="Het Archief, café, wijnbar, opslagplaats van het goede leven" width="1024" height="768" data-srcset="https://inhetarchief.be/wp-content/uploads/2024/06/image2-980x735.jpeg 980w, https://inhetarchief.be/wp-content/uploads/2024/06/image2-480x360.jpeg 480w" data-sizes="(min-width: 0px) and (max-width: 480px) 480px, (min-width: 481px) and (max-width: 980px) 980px, (min-width: 981px) 1024px, 100vw" src="data:image/svg+xml;base64,PHN2ZyB3aWR0aD0iMSIgaGVpZ2h0PSIxIiB4bWxucz0iaHR0cDovL3d3dy53My5vcmcvMjAwMC9zdmciPjwvc3ZnPg==" style="--smush-placeholder-width: 1024px; --smush-placeholder-aspect-ratio: 1024/768;" /></p>
<p>&nbsp;</p>
<p>&nbsp;</p>
<p>&nbsp;</p>

<p>BOHM is weer open vanaf 16 APRIL! A pleasant announcement. Op het mooie Hendrik Conscienseplein te Antwerpen is Bohm&amp;Berkel gevestigd. U welgekend. We gaan de zaak openen als pop-up &#8211; &#8211; -Bohm&amp;Berkel by Céleste. We plannen 16 april te openen en dit tot het einde van augustus. Wat mag u verwachten ? Alles wat het [&hellip;]</p>
